8 divide 5908?
True
Is 17 a factor of 15663?
False
Is 19 a factor of 9535?
False
Does 82 divide 2851?
False
Does 33 divide 13761?
True
Does 42 divide 1176?
True
Is 95 a multiple of 4?
False
Is 8667 a multiple of 9?
True
Is 1518 a multiple of 3?
True
Does 108 divide 5400?
True
Does 11 divide 1140?
False
Is 3078 a multiple of 114?
True
Is 7253 a multiple of 7?
False
Does 2 divide 60?
True
Is 12 a factor of 18984?
True
Is 16 a factor of 25776?
True
Is 1673 a multiple of 7?
True
Does 170 divide 67320?
True
Is 226 a factor of 24182?
True
Is 2 a factor of 555?
False
Is 2408 a multiple of 83?
False
Does 53 divide 78846?
False
Is 6549 a multiple of 37?
True
Is 6 a factor of 858?
True
Is 1393 a multiple of 72?
False
Is 500 a multiple of 10?
True
Is 7 a factor of 70839?
False
Is 42 a factor of 798?
True
Does 3 divide 579?
True
Is 82 a multiple of 57?
False
Does 28 divide 939?
False
Does 6 divide 400?
False
Is 356 a multiple of 12?
False
Does 27 divide 335?
False
Is 170 a multiple of 34?
True
Is 7 a factor of 23236?
False
Does 36 divide 41400?
True
Is 27 a factor of 313?
False
Does 19 divide 2356?
True
Does 18 divide 2455?
False
Is 97920 a multiple of 90?
True
Does 2 divide 27?
False
Is 1463 a multiple of 70?
False
Does 6 divide 2328?
True
Is 4952 a multiple of 10?
False
Is 3907 a multiple of 66?
False
Does 68 divide 2352?
False
Is 8 a factor of 18480?
True
Is 413 a multiple of 7?
True
Does 2 divide 40?
True
Does 2 divide 97?
False
Is 30 a factor of 513?
False
Does 4 divide 4444?
True
Is 19 a factor of 1147?
False
Is 121 a factor of 4477?
True
Is 4880 a multiple of 40?
True
Does 22 divide 7554?
False
Is 9920 a multiple of 160?
True
Does 113 divide 22183?
False
Does 29 divide 27666?
True
Is 11 a factor of 32090?
False
Does 7 divide 175?
True
Does 40 divide 10098?
False
Is 6587 a multiple of 6?
False
Is 29 a factor of 3335?
True
Is 58 a multiple of 11?
False
Is 3 a factor of 8013?
True
Is 5373 a multiple of 11?
False
Is 4838 a multiple of 59?
True
Does 28 divide 10640?
True
Does 11 divide 33231?
True
Is 5346 a multiple of 6?
True
Is 40308 a multiple of 6?
True
Is 11 a factor of 124?
False
Is 20 a factor of 640?
True
Is 44 a factor of 3754?
False
Does 6 divide 172?
False
Is 4241 a multiple of 93?
False
Does 38 divide 2052?
True
Does 33 divide 12210?
True
Is 11 a factor of 693?
True
Does 119 divide 4303?
False
Is 38 a factor of 279?
False
Does 26 divide 1522?
False
Is 45 a factor of 7290?
True
Is 3645 a multiple of 20?
False
Is 187 a factor of 17017?
True
Does 7 divide 57?
False
Is 2629 a multiple of 7?
False
Is 141 a factor of 3880?
False
Is 15 a factor of 6075?
True
Is 13248 a multiple of 36?
True
Does 8 divide 8696?
True
Is 10 a factor of 2659?
False
Is 17756 a multiple of 128?
False
Is 13 a factor of 8046?
False
Is 1860 a multiple of 17?
False
Is 3592 a multiple of 8?
True
Does 15 divide 90?
True
Does 28 divide 2926?
False
Does 9 divide 891?
True
Is 546 a multiple of 57?
False
Is 17 a factor of 47?
False
Is 48 a factor of 32304?
True
Does 51 divide 2907?
True
Is 20 a factor of 3480?
True
Is 16 a factor of 826?
False
Is 70 a factor of 17570?
True
Is 846 a multiple of 94?
True
Is 63601 a multiple of 21?
False
Does 22 divide 815?
False
Is 327 a multiple of 5?
False
Does 25 divide 6125?
True
Is 3501 a multiple of 9?
True
Is 1911 a multiple of 49?
True
Is 35 a factor of 6160?
True
Does 19 divide 30514?
True
Is 3948 a multiple of 84?
True
Is 124 a factor of 31982?
False
Is 1868 a multiple of 7?
False
Does 9 divide 1318?
False
Is 2892 even?
True
Is 47 a factor of 235?
True
Is 11 a factor of 3839?
True
Is 2231 a multiple of 49?
False
Is 20 a factor of 580?
True
Is 14 a factor of 448?
True
Does 2 divide 15?
False
Is 20 a multiple of 20?
True
Is 48 a factor of 336?
True
Is 8 a factor of 196?
False
Is 10 a factor of 1780?
True
Is 8 a factor of 118?
False
Is 3146 a multiple of 13?
True
Is 59 a factor of 32352?
False
Is 44 a factor of 1188?
True
Does 18 divide 39322?
False
Does 11 divide 1212?
False
Does 115 divide 4909?
False
Is 38 a factor of 3800?
True
Is 121214 a multiple of 159?
False
Is 636 a multiple of 12?
True
Is 14 a factor of 2842?
True
Is 2739 a multiple of 55?
False
Is 2 a factor of 930?
True
Does 14 divide 672?
True
Does 50 divide 1418?
False
Does 13 divide 572?
True
Does 6 divide 1237?
False
Is 39 a factor of 1189?
False
Is 19 a factor of 304?
True
Does 8 divide 2176?
True
Is 86 a factor of 9804?
True
Is 6109 a multiple of 20?
False
Is 559 a multiple of 43?
True
Does 56 divide 22264?
False
Is 10 a factor of 3380?
True
Is 120 a multiple of 34?
False
Is 12 a factor of 662?
False
Is 23461 a multiple of 29?
True
Does 56 divide 23411?
False
Is 9 a factor of 2240?
False
Does 2 divide 11695?
False
Is 21 a factor of 4830?
True
Is 2346 a multiple of 17?
True
Does 171 divide 9086?
False
Does 20 divide 175?
False
Does 32 divide 143492?
False
Is 15 a factor of 214?
False
Is 3667 a multiple of 73?
False
Is 10248 a multiple of 130?
False
Is 10042 a multiple of 3?
False
Is 648 a multiple of 27?
True
Is 79 a factor of 891?
False
Is 8 a factor of 8160?
True
Is 7040 a multiple of 80?
True
Is 184 a multiple of 5?
False
Does 22 divide 7568?
True
Is 8 a factor of 331?
False
Is 13112 a multiple of 12?
False
Is 2604 a multiple of 12?
True
Is 1026 a multiple of 27?
True
Does 32 divide 94368?
True
Is 319 a multiple of 15?
False
Is 32 a factor of 3296?
True
Does 29 divide 12235?
False
Is 459 a multiple of 51?
True
Is 15 a factor of 240?
True
Does 52 divide 398?
False
Does 54 divide 35623?
False
Does 178 divide 26943?
False
Is 528 a multiple of 12?
True
Is 11155 a multiple of 119?
False
Is 19 a factor of 1761?
False
Does 64 divide 1102?
False
Does 177 divide 16428?
False
Is 286 a multiple of 20?
False
Is 11 a factor of 4607?
False
Is 15070 a multiple of 11?
True
Does 42 divide 1278?
False
Is 7 a factor of 871?
False
Is 1008 a multiple of 24?
True
Does 47 divide 17719?
True
Is 14 a factor of 15106?
True
Does 40 divide 3799?
False
Does 28 divide 4167?
False
Is 21 a factor of 3120?
False
Does 4 divide 10?
False
Does 10 divide 114?
False
Is 71310 a multiple of 30?
True
Is 43 a factor of 1806?
True
Is 561 a multiple of 17?
True
Is 9 a factor of 2682?
True
Is 5579 a multiple of 7?
True
Is 638 a multiple of 22?
True
Does 5 divide 505?
True
Does 33 divide 8819?
False
Does 28 divide 140?
True
Is 268 a factor of 80132?
True
Does 6 divide 2700?
True
Is 34 a factor of 3434?
True
Does 34 divide 42714?
False
Is 8 a factor of 1920?
True
Is 532 a multiple of 8?
False
Is 52 a factor of 10628?
False
Is 1338 a multiple of 15?
False
Does 20 divide 837?
False
Is 25 a factor of 986?
False
Is 72 a factor of 13968?
True
Does 47 divide 94705?
True
Does 362 divide 112582?
True
Is 32 a factor of 3700?
False
Is 51310 a multiple of 155?
False
Is 1896 a multiple of 8?
True
Is 17 a factor of 30464?
True
Does 99 divide 677?
False
Is 31 a factor of 248?
True
Is 95 a factor of 12635?
True
Does 21 divide 8224?
False
Is 95 a factor of 73815?
True
Is 322 a multiple of 23?
True
Does 9 divide 7235?
False
Is 17 a factor of 12619?
False
Does 4 divide 412?
True
Is 1092 a multiple of 84?
True
Is 546 a multiple of 78?
True
Is 8798 a multiple of 6?
False
Is 17 a factor of 448?
False
Is 9 a factor of 72?
True
Is 23 a factor of 206?
False
Is 7267 a multiple of 82?
False
Is 10353 a multiple of 21?
True
Is 8 a factor of 2285?
False
Does 21 divide 9450?
True
Is 14 a factor of 11970?
True
Is 1073 a multiple of 29?
True
Is 13 a factor of 2197?
True
Does 103 divide 1751?
True
Is 8 a factor of 5094?
False
Is 10014 a multiple of 8?
False
Is 11 a factor of 2717?
True
Is 13 a factor of 4156?
False
Is 39 a factor of 58929?
True
Does 16 divide 1184?
True
Does 12 divide 49924?
False
Does 5 divide 15655?
True
Does 75 divide 5367?
False
Does 11 divide 4376?
False
Is 14 a factor of 8862?
True
Is 9890 a multiple of 43?
True
Does 34 divide 327?
False
Does 24 divide 1512?
True
Is 4875 a multiple of 125?
True
Does 4 divide 751?
False
Is 705 a multiple of 6?
False
Is 15 a factor of 1211?
False
Does 128 divide 7168?
True
Is 38 a factor of 4680?
False
Is 23760 a multiple of 48?
True
Does 12 divide 696?
True
Is 27 a factor of 1269?
True
Is 23 a factor of 191?
False
Does 25 divide 3925?
True
Is 39880 a multiple of 7?
False
Is 7 a factor of 672?